+ 86 - 231 = 5*o. Let j(h) = -h**2 + 2*h + 41. Calculate the remainder when n is divided by j(-5).
3
Let n = 502 - 1109. Let r = -440 - n. Calculate the remainder when r is divided by 7.
6
Let b(h) = 12*h**2 - 87*h + 1. What is the remainder when b(8) is divided by 42?
31
Let v = -57465 - -57486. Suppose -4*r + 786 = 38. What is the remainder when r is divided by v?
19
Let n(w) = w**3 - 11*w**2 + 12*w + 10. What is the remainder when n(11) is divided by ((-72)/64)/(3/(-104))?
25
Let z(q) = -q**3 + 12*q**2 + 3*q - 16. Let x be z(12). Suppose -5*t = -2*y + 25, -4*t - 17 - x = -5*y. Calculate the remainder when 22 is divided by y.
2
Suppose -5*d + 4 = -d, 2*d = 4*c - 46. Suppose 0 = -0*z - c*z + 204. Suppose -3*v + v + 300 = 0. What is the remainder when v is divided by z?
14
Let d(y) = -2*y**2 - 27*y + 19. Let k be d(-14). Suppose 0 = -r + 4*u + 110, 0*r = -2*r - k*u + 155. Calculate the remainder when r is divided by 31.
28
Suppose -914 = -5*g + 4*u - 224, 2*g + 5*u = 276. Let n(t) = 2*t**3 - 43*t**2 + 114*t - 2. What is the remainder when g is divided by n(3)?
5
Let q = 206 - 203. Suppose -17 - 21 = -2*b - 2*s, -q*s = -3*b + 81. Calculate the remainder when 72 is divided by b.
3
Let v = 1041 - 1503. Let j = 547 + v. What is the remainder when 326 is divided by j?
71
Suppose 1598 = 4*i + 518. Calculate the remainder when i is divided by (0 - -22)/(242/605).
50
Suppose -4*s - 5 = -5*s, -a - 3*s + 104 = 0. Suppose 3*h - a = 82. Calculate the remainder when h is divided by 3.
0
Suppose -40*z = -94*z + 1242. What is the remainder when 1141 is divided by z?
14
Suppose 85*z - 86*z + 68 = 0. Suppose 0*y - 250 = -y. Suppose z = 6*u - y. Calculate the remainder when u is divided by 28.
25
Suppose 5*w + 4*p - 3935 = p, -2*w + p + 1574 = 0. Suppose -16*d - w = -4547. What is the remainder when d is divided by 24?
19
Let c(o) = -o**3 + 11*o**2 - 8*o - 3. Let s(y) = 13*y - 6. Suppose 5*a + 28 = 43. What is the remainder when s(a) is divided by c(10)?
16
Suppose 1732*z - 145 = 1727*z. Calculate the remainder when z is divided by 15.
14
What is the remainder when (-278*(-4)/16)/(5/30) is divided by 113?
78
Let u = -1644 + 1941. Calculate the remainder when u is divided by (43/(-4))/((-5)/20).
39
Let k(n) = -n**3 + 17*n**2 + 25*n - 678. What is the remainder when 15432 is divided by k(15)?
144
Suppose 3*i = 28 - 22. Suppose 96 = i*o + 5*y, -2*y - 310 = -5*o + 3*y. Let s = 120 - o. What is the remainder when s is divided by 13?
10
Let t = 109 - -618. Let p = t + -545. What is the remainder when p is divided by 48?
38
Suppose 149317 = 91*i - 8*i. What is the remainder when i is divided by 25?
24
Let a(b) = -b - 1. Let h be a(-11). Let f(v) = 10*v - 22. Let k be f(h). Let n = k + -69. What is the remainder when 15 is divided by n?
6
Suppose t = 4*t + 9, -3*c - t = 0. What is the remainder when 149 is divided by (24 - (-35)/(-5))*c?
13
Let s = 5800 + -5766. Calculate the remainder when 234 is divided by s.
30
Let a be 6/(-6) + (-9)/(-3). Suppose 5*y = -5*w - 20, -2*w - 7 = -a*y - 23. What is the remainder when 14 is divided by y/(-3) - 1*-8?
4
Let b(k) = 11*k + 19. Let j(x) = 9*x + 19. Let q(z) = 3*b(z) - 4*j(z). What is the remainder when (-1)/(-3) - 368/(-12) is divided by q(-12)?
14
Let c = 84 - 72. Suppose -13*b = -c - 1. What is the remainder when 0 - (0 + -48 + b) is divided by 10?
7
Let m = -1332 - -1387. Calculate the remainder when m is divided by 55.
0
Let k(o) = o**3 + 6*o**2 - 6*o + 7. Let n be k(-7). Let j(l) = 3*l - 47*l**2 + 0*l + n*l + 50*l**2 - 5. What is the remainder when j(4) is divided by 21?
13
Suppose 35*t - 97*t + 31*t + 744 = 0. Calculate the remainder when 60 is divided by t.
12
Let j = 114 - -46. What is the remainder when (j/100)/((-2)/(-35)) is divided by 18?
10
Suppose -q + 29 = v - 10, v - 45 = -3*q. Suppose 0 = -5*z - l + 142, -3*z + 4*l + 40 = -v. Calculate the remainder when z is divided by 1 + -5*(0 + -3).
12
Let w(o) = o**2 - 14*o + 33. Let t be w(8). Let k be ((-48)/t)/(4/(-20)). Let h = k - -89. Calculate the remainder when h is divided by 19.
16
What is the remainder when (9/3 - 1522)*14*(-18)/252 is divided by 187?
23
Let z(k) = 619*k - 1840. Calculate the remainder when 2563 is divided by z(3).
13
Let i(p) = 17*p + 519. What is the remainder when i(-21) is divided by 5?
2
Suppose 230*q + 10 = 235*q. Let w = 368 - 262. What is the remainder when w is divided by q/(-6)*72/18*-27?
34
Suppose 34*x = 10181 + 5419 + 6296. Calculate the remainder when x is divided by 8.
4
Suppose 24 + 16 = 4*v. Suppose 2*p + v = 90. Let g = 2017 - 1860. What is the remainder when g is divided by p?
37
Let j(h) = -17*h + 66. Let l be j(6). Let c(z) = z + 150. What is the remainder when c(l) is divided by 13?
10
Calculate the remainder when -2 + (-261)/(-1) + -2 is divided by (-20)/(-3)*(-6)/(-8).
2
Suppose 9*d + 742 = 5*t + 6*d, -2*t + 3*d + 304 = 0. Calculate the remainder when 6422 is divided by t.
144
Let t = -98 + 98. What is the remainder when (-3)/(27/(-3))*(249 + t) is divided by 22?
17
Calculate the remainder when (-259386)/34*(-5 - 7/((-35)/20)) is divided by 35.
34
Suppose -12*p = 47*p - 29*p - 1410. Calculate the remainder when 1126 is divided by p.
45
Let m(t) = 198*t - 512. Calculate the remainder when m(3) is divided by 67.
15
Let u(i) = -i**2 - 5*i + 58. Let d be u(-6). Suppose s = -0*w - 2*w + d, 0 = 4*w - 4*s - 104. What is the remainder when 491 is divided by w?
23
Suppose 7*b + 12 = 10*b. Suppose -j - 4*l + 24 = 0, 0 = 3*j - 7*l + b*l - 87. Let i = 118 - 8. What is the remainder when i is divided by j?
26
Suppose g - 7 = 11 + 10. Calculate the remainder when 4393 is divided by g.
25
Let n = 30 - 17. Suppose 51048 = 47*x - 11*x. Let a = x + -1330. Calculate the remainder when a is divided by n.
10
Let c(b) = 9*b - 100. Calculate the remainder when (-2 + 204)/((-12)/(-18)) is divided by c(18).
55
Let w(g) = g**3 - 48*g**2 + 102*g - 170. Calculate the remainder when w(46) is divided by 146.
144
Let a(d) = -d**2 + 24*d + 159. Let o be a(28). Suppose -43*g - 160 = -o*g. What is the remainder when 100 is divided by g?
20
Suppose -13*q + 13 = 13. Let n(o) = -o**3 - 5*o**2 + 4*o + 45. Calculate the remainder when 133 is divided by n(q).
43
Let a(x) = x**3 - 96*x**2 - 186*x + 1125. What is the remainder when a(98) is divided by 26?
25
Suppose 0 = -3*m + m - 4, 0 = 5*r + 5*m - 1175. Suppose -19*i + r = -181. Calculate the remainder when i is divided by 8 - -1*(-1 - 1).
4
Calculate the remainder when 1124 is divided by (-79121)/(-635) + 2/5.
124
Let g be (20/(-7))/((-308)/49 - -6). Let u be (-6)/g + 552/120. Suppose -u*n - 5*p + 4 = 0, 5*n - 16 - 18 = p. What is the remainder when 59 is divided by n?
5
Let t = 21623 + -21598. What is the remainder when 72 is divided by t?
22
Suppose -24*a + 2*a + 15081 = -20009. Calculate the remainder when a is divided by 12.
11
Suppose 6*c = -15*u + 16*u + 223, 4*c + 3*u - 167 = 0. Calculate the remainder when 641 is divided by c.
33
Let x = 250 - 171. Let q(z) = -z**2 + 14*z - 14. Let k be q(12). Let g(b) = -b**3 + 9*b**2 + 9*b + 31. Calculate the remainder when x is divided by g(k).
16
Let a be 6/18 - ((-3046)/6 + -1). Let b = -376 + a. Calculate the remainder when b is divided by 45.
43
Let h = -23 + 88. Suppose -5*u = 4*k - h, -4*k + 4*u = -6*k + 34. Calculate the remainder when 3*(332/12 - 0) is divided by k.
8
Let s be (6*(-6)/(-108))/((-5)/(-45)). What is the remainder when 82 is divided by (1 + (-4)/16*s)*76?
6
Suppose -9773 = -9*j - 1061. What is the remainder when j is divided by 27?
23
Let g(p) = 362*p - 3211. What is the remainder when 314 is divided by g(9)?
32
Let j = 630 - -376. Let m = -444513 - -444576. Calculate the remainder when j is divided by m.
61
Let f(z) = 15*z + 0 + 17*z - 8 - 33*z. Let y be f(-11). Suppose 0 = y*x + 3*g - 168, 3*g - 3 - 6 = 0. What is the remainder when x is divided by 11?
9
Let y(c) = -c**2 - c + 285. Calculate the remainder when y(0) is divided by -13*(((-36)/13)/2 + 0).
15
Let q(k) = 4*k + 65 - 72 + 126 + 83 + 153. What is the remainder when q(0) is divided by 51?
49
Suppose -c - 4*a = -25, 0 = 2*c + a - 21 - 43. Let q = -17 + c. What is the remainder when (-4)/(-2 - 6) - 110/(-4) is divided by q?
12
Let s(y) = 135*y + 359. What is the remainder when s(6